est common factor of 5215 and 166378615?
745
Calculate the greatest common divisor of 373408 and 83350.
3334
Calculate the greatest common divisor of 1725123 and 632.
79
Calculate the highest common divisor of 145180 and 844240.
1220
Calculate the highest common factor of 5534757 and 1368.
171
What is the highest common factor of 3961 and 11102683?
3961
Calculate the greatest common divisor of 7440815 and 595.
85
What is the highest common factor of 5124 and 2468?
4
Calculate the greatest common divisor of 85 and 165009395.
85
What is the highest common divisor of 107136 and 318816?
864
Calculate the greatest common factor of 12888183 and 231.
231
What is the highest common factor of 699 and 86277803?
233
Calculate the highest common divisor of 181944 and 414.
18
Calculate the greatest common factor of 285 and 159112365.
285
Calculate the highest common factor of 194 and 237791426.
194
What is the highest common factor of 79747486 and 6279?
2093
Calculate the highest common divisor of 59318 and 20566.
14
Calculate the greatest common divisor of 226343611 and 13.
13
What is the highest common divisor of 5032400 and 3000?
200
What is the greatest common factor of 7763131 and 329?
47
Calculate the highest common factor of 6775668 and 73188.
3852
What is the highest common factor of 6377670 and 29187?
621
Calculate the greatest common factor of 2212144 and 129712.
176
Calculate the highest common divisor of 2414432 and 32308.
788
Calculate the highest common factor of 42 and 1054532318.
14
Calculate the highest common factor of 60520 and 1208798.
178
What is the highest common factor of 150010 and 91?
7
What is the greatest common factor of 61661 and 317564?
197
What is the highest common factor of 179052 and 27004?
172
What is the highest common divisor of 1025080 and 5720?
40
Calculate the highest common divisor of 1611 and 66816.
9
What is the greatest common factor of 26707 and 19261?
17
Calculate the highest common factor of 24 and 391627128.
24
What is the highest common divisor of 320941451 and 3902?
1951
What is the highest common divisor of 95757420 and 116?
116
Calculate the greatest common divisor of 1558 and 400102.
38
Calculate the greatest common divisor of 1143 and 270909669.
381
What is the highest common divisor of 59984 and 69349328?
2608
What is the greatest common factor of 1565 and 1836954745?
1565
Calculate the highest common divisor of 554 and 3319.
1
What is the greatest common factor of 31 and 20085427?
31
What is the greatest common divisor of 68050 and 8125?
25
What is the greatest common factor of 152393841 and 16364?
4091
Calculate the greatest common divisor of 2655 and 591.
3
Calculate the greatest common factor of 23992 and 266428161.
2999
What is the highest common divisor of 20950568 and 12052?
524
Calculate the greatest common divisor of 100 and 19252850.
50
Calculate the greatest common factor of 36633267 and 18.
9
Calculate the greatest common divisor of 550 and 2893495.
55
What is the highest common divisor of 64 and 49323712?
64
What is the highest common factor of 59566065 and 390?
195
Calculate the highest common factor of 20 and 3002990.
10
Calculate the greatest common factor of 75386103 and 78.
39
What is the highest common factor of 2 and 6263206?
2
Calculate the greatest common divisor of 104178 and 303.
3
Calculate the greatest common divisor of 6850578 and 84.
42
What is the highest common divisor of 640246 and 49926?
314
Calculate the greatest common divisor of 29000 and 7411000.
1000
Calculate the greatest common factor of 712 and 714970820.
356
What is the greatest common divisor of 640 and 79367360?
320
What is the highest common factor of 500 and 6881500?
500
What is the greatest common divisor of 13 and 1521507247?
13
What is the highest common factor of 594960 and 888?
888
What is the greatest common divisor of 2495 and 3618249?
499
What is the greatest common factor of 8630320 and 85655?
2315
What is the greatest common factor of 690172 and 1204?
28
What is the greatest common factor of 45312 and 11736?
24
Calculate the greatest common factor of 296892 and 5220.
36
Calculate the greatest common factor of 9201061 and 9481.
499
Calculate the highest common factor of 38688 and 1893216.
1248
What is the highest common divisor of 2922938 and 534?
178
What is the greatest common divisor of 4128 and 8099136?
4128
Calculate the greatest common divisor of 1900 and 64984750.
950
What is the highest common factor of 6545 and 8653425?
935
What is the highest common divisor of 1054470 and 13050?
30
What is the highest common factor of 1608564 and 3876?
12
What is the highest common factor of 96940 and 242572?
148
Calculate the highest common factor of 45391 and 3593056.
2389
What is the greatest common factor of 14411 and 15732?
1
Calculate the highest common divisor of 690 and 209461.
23
Calculate the highest common factor of 35140875 and 847.
77
What is the greatest common factor of 13044 and 10756?
4
What is the greatest common divisor of 73045460 and 1356?
452
Calculate the highest common factor of 1980 and 510589530.
990
What is the greatest common factor of 977258 and 94802?
886
Calculate the highest common factor of 27560 and 20012800.
2120
Calculate the highest common factor of 52852050 and 50270.
4570
What is the greatest common divisor of 21414890 and 2835?
35
What is the greatest common factor of 27173 and 15457?
29
What is the greatest common factor of 67657694 and 1737?
193
Calculate the greatest common divisor of 48195 and 21401793.
3213
Calculate the greatest common divisor of 5795 and 235259615.
5795
What is the highest common factor of 1330 and 47184942?
266
What is the greatest common factor of 120 and 60406?
2
Calculate the greatest common factor of 79 and 46085993.
79
What is the highest common divisor of 2465399 and 1273201?
2077
Calculate the greatest common factor of 7157416 and 172267.
5557
Calculate the greatest common divisor of 2240 and 11365648.
112
Calculate the highest common divisor of 522 and 42020130.
174
Calculate the greatest common factor of 29869 and 307972.
119
What is the highest common factor of 1635 and 376725?
15
What is the greatest common factor of 24060873 and 61307?
607
What is the highest common factor of 12568 and 2339219?
1571
Calculate the greatest common factor of 345423 and 4407.
39
What is the highest common divisor of 4751820 and 84?
12
Calculate the greatest common factor of 119602648 and 105512.
9592
Calculate the greatest common factor of 22175 and 36473440.
4435
What is the highest common divisor of 2366 and 1010338?
14
Calculate the greatest common divisor of 84044486 and 1358.
194
What is the highest common factor of 23131602 and 162?
54
Calculate the greatest common divisor of 298 and 726071189.
149
Calculate the greatest common divisor of 133453579 and 1393.
1393
Calculate the greatest common factor of 3330 and 6089670.
90
What is the highest common divisor of 2878244954 and 754?
754
Calculate the highest common factor of 516705 and 23349627.
5439
Calculate the highest common factor of 31735617 and 3366.
51
Calculate the greatest common factor of 11737249 and 4744.
593
Calculate the highest common divisor of 230 and 225010.
10
Calculate the highest common divisor of 4170068 and 35.
7
What is the greatest common factor of 3259134060 and 1268?
1268
Calculate the greatest common factor of 465350 and 1681.
41
Calculate the greatest common factor of 67017136 and 353803.
11413
What is the highest common factor of 124 and 9270302?
62
What is the highest common divisor of 131000 and 22700?
100
What is the highest common divisor of 950 and 2901338?
38
Calculate the greatest common factor of 30599 and 4499977.
37
Calculate the highest common factor of 95342 and 131586628.
7334
What is the greatest common factor of 1505 and 144568193?
301
Calculate the greatest common divisor of 146938297 and 55.
11
What is the greatest common divisor of 2522 and 29155872?
194
Calculate the highest common divisor of 81660 and 516180.
60
Calculate the greatest common divisor of 14963 and 955330.
1151
What is the highest common factor of 238385 and 385308?
973
What is the highest common factor of 101933 and 1300?
13
What is the highest common divisor of 229 and 3168895